st the prime factors of w.
7
Let u be 12/(-8) + (-99)/(-2). Let h = 13 - 8. Suppose h*x = x + u. What are the prime factors of x?
2, 3
Suppose -k + 4*p - 13 = 0, -3*p = 2*k - 4*k - 6. Suppose 2*z = -k + 1, -2*n - z = -37. What are the prime factors of n?
19
Suppose k + 0*o - 3*o = 77, -5*k - o + 385 = 0. What are the prime factors of k?
7, 11
Let r(u) be the third derivative of 7/6*u**3 - 2*u**2 + 0 + 1/60*u**5 + 0*u - 1/4*u**4. List the prime factors of r(5).
2
What are the prime factors of -1 + -1*39*-1?
2, 19
Let k = 146 - 27. What are the prime factors of k?
7, 17
Let l be 2/5 + 36/10. Suppose l*r - 4*u = 2*r - 2, 5*u - 35 = -4*r. List the prime factors of r.
5
Let u be 0*(2 + -1) + 23. Let v be (3 + 1)/4*40. Let y = v - u. What are the prime factors of y?
17
Let t = 4 + 0. Suppose -t*y + y - 4*n = -93, 55 = 2*y + 5*n. What are the prime factors of y?
5, 7
Let r(s) = -2*s + 1. Let j be r(-1). What are the prime factors of (-11 + j)/((-2)/8)?
2
Let d(u) = -u**3 - 9*u**2 - 10*u + 4. Let m be d(-8). Suppose 7 = -4*o + 2*y + 27, 3*o + y = m. Let x = 9 - o. What are the prime factors of x?
3
Let l(m) = 23*m + 19. What are the prime factors of l(5)?
2, 67
Let o(k) be the third derivative of -k**5/120 + k**4/12 - k**3/3 - 2*k**2. Let v(m) be the first derivative of o(m). What are the prime factors of v(-4)?
2, 3
Let u = -13 + 22. Let c be u/3*(3 - 0). What are the prime factors of 50/6 - (-6)/c?
3
Let q(f) = -5*f + 14. List the prime factors of q(-7).
7
Let m = 26 + -21. Suppose 0 = 2*v - 55 + 9. Suppose 5*b - 35 = m*u, -5*b = -4*b + 3*u - v. What are the prime factors of b?
11
Let j(l) = -l**2 - 3*l + 7. Let w(n) = 2*n - 4. Let x(i) = -2*j(i) - 5*w(i). What are the prime factors of x(4)?
2, 11
Let s be 4/(-2) + (12 - 10). Suppose s = -5*f + 2*i + i + 34, 2*i + 20 = 3*f. What are the prime factors of f?
2
What are the prime factors of ((-5784)/(-15))/2 - (-1)/5?
193
Let l = 6 - -28. Let g = 26 + -13. Suppose 3*u = -g + l. What are the prime factors of u?
7
Let q(z) = z**3 - 2*z - 56. Let h(x) = 2*x**3 - 4*x - 111. Let l(b) = 3*h(b) - 7*q(b). List the prime factors of l(0).
59
Let z = 181 + -73. What are the prime factors of z?
2, 3
Let k(v) = v**2 + 8*v + 9. Let n(c) = 8*c**3 + c**2 + c + 1. Let f be n(-1). List the prime factors of k(f).
2
Suppose -2*c + 195 = -p, 2*c + 4*p + p = 225. List the prime factors of c.
2, 5
Let q(i) = 7 - 2 - 2 - 5*i - 2. Suppose s + 12 = 5*s + 4*y, -s - 5*y + 23 = 0. List the prime factors of q(s).
11
Suppose 2*x + 4*r - 25 + 3 = 0, x + 3*r - 12 = 0. Let q = x + -6. Suppose -2*w - z + 2*z = -24, q*w - 43 = -2*z. List the prime factors of w.
13
Suppose p + 12 = -5*r, -3*p = -8*p - 2*r - 14. Let b(x) = x**2 + 8*x - 3. Let h be b(-8). List the prime factors of p - (h - -2) - -10.
3
Let c = -87 - -180. What are the prime factors of c?
3, 31
Let p(a) = 14*a**3 + 1. Let w be p(-1). Let c = w + 21. List the prime factors of c.
2
Let u(r) = -3*r**2 - 5*r - 5*r + 5*r**2 - r**2 + 9. Let a be u(9). Suppose -33 = -3*j - a. List the prime factors of j.
11
Let w = -8 + 8. Suppose -l - 4*l = w. Suppose 3*b = 5*r + 5 - 18, r - b - 1 = l. What are the prime factors of r?
5
Let y(u) = 0 - 1 + 5*u**2 + 2*u - 2*u**2 - 2*u**3 + u**3. List the prime factors of y(3).
5
Suppose 0*i + 4*i - 16 = 0. Suppose i*t - 8 = 40. List the prime factors of t.
2, 3
Let u(j) = -j**3 + 6*j**2 + 4. Let s be u(6). Let f(z) = z**3 - 2*z + 3. Let k be f(2). Let b = k - s. What are the prime factors of b?
3
Let d(z) = -2*z**2 + 13*z + 1. List the prime factors of d(6).
7
Let i(m) = -m**2 + 1. Let u(a) = -3*a**2 + 4. Let b(x) = -7*i(x) + 2*u(x). Let t be b(-3). Suppose -t = -k + 2. What are the prime factors of k?
2, 3
Suppose -d + 835 = 4*d. List the prime factors of d.
167
Let v(c) = c**3 + 6*c**2 + 2*c - 1. Let r be v(-6). What are the prime factors of (-1 - 1) + (-2 - r)?
3
Let g = 29 - 20. Let j = -8 + g. Suppose d + j = 19. What are the prime factors of d?
2, 3
Let l(z) = 56*z**2 + z + 1. What are the prime factors of l(-1)?
2, 7
Let z(a) be the first derivative of -a**2 + a - 3. Let r be z(-1). Suppose 0 = 2*f - w - 8, -r*w = 2*f - 5*w - 12. List the prime factors of f.
2
Suppose -6*b - 144 = -3*b. Let z = b - -73. List the prime factors of z.
5
Let c = -47 + 86. Suppose 4*d = -x + 6*x + c, 0 = 3*d - 2*x - 38. Suppose 5*u - d = u. List the prime factors of u.
2
Let j(y) = 2*y + 1. Let x be j(-2). Let g = -11 - -11. List the prime factors of (0 - (g + x)) + 0.
3
Let b(m) = 23*m**2 - 8*m - 3. List the prime factors of b(-4).
397
Let y(m) = -m**3 + 6*m**2 - 8*m + 2. List the prime factors of y(4).
2
Let x(j) = j**2 + j - 1. Let b(l) = -20*l**2 - 3*l + 4. Let k(p) = -b(p) - 4*x(p). List the prime factors of k(-1).
17
Let b be 3/(-12) + (-74)/(-8). Let z(w) = w**3 - 6*w**2 + 4. Let o be z(6). Suppose -o*r + 11 + b = 0. List the prime factors of r.
5
Let r = 8 + -5. Suppose -1 = 3*y - r*m - 16, 0 = 3*m. Suppose 2*q - y*q + 39 = 0. List the prime factors of q.
13
Suppose 13 = -p - 12. Let s = -8 - 5. Let n = s - p. What are the prime factors of n?
2, 3
Let b(p) = -p**3 - p**2 + 3*p. Let u be b(-3). Let m(z) = -z**3 + 10*z**2 - 6*z + 1. List the prime factors of m(u).
2, 7
Suppose 92 = -10*x + 562. List the prime factors of x.
47
Let n = -3 - -20. Let b = n - 6. List the prime factors of b.
11
Let c(h) = -h**2 + 8*h - 5. Let b be c(5). What are the prime factors of 192/b - 5/25?
19
Suppose 7*o = 2*o. Let x be 3/5 - 17/(-5). Let s = x - o. List the prime factors of s.
2
Let i(a) = 12*a + 3. Let y be i(3). Let x = y + -23. Suppose 0*f = -f + x. List the prime factors of f.
2
What are the prime factors of 100/6 + 18/54?
17
Let j(b) = 15*b - 1. Let o be j(-1). Suppose 12 = k - 13. Let p = o + k. List the prime factors of p.
3
Let f(y) = 79*y**2 + 2*y + 1. What are the prime factors of f(-1)?
2, 3, 13
Let p(w) = -w**3 - 4*w**2 + 6*w + 6. Let y be p(-5). Suppose 6 = 5*v + y. Let q(d) = 9*d + 1. List the prime factors of q(v).
2, 5
Let p(o) = 3*o + 5. Let z be p(-5). Let k = -6 - z. Suppose 28 = 4*r - 3*y, k*r - 11 - 41 = -3*y. List the prime factors of r.
2, 5
Suppose -2*j = -2 - 0. What are the prime factors of (8 + 0)*1 + j?
3
Suppose 4*y = 7*y. Suppose 0 = -y*v + v - 5*d - 12, -4*v + 5*d = -33. What are the prime factors of v?
7
Suppose -2*h = -3 - 1. Suppose -3*y + 4 + h = 0. Suppose 0 = y*a + 2 - 10. What are the prime factors of a?
2
Let l be (-2 + 10/4)*0. Suppose l*t - 36 = 4*t. What are the prime factors of 5 - 2 - (t + 1)?
11
Let r(x) = x - 3. Let l = 117 - 81. Suppose -4*s + 17 = -w + s, l = 2*w + 4*s. What are the prime factors of r(w)?
5
Let j(c) = c**2 + c + 2. Let m be j(-2). Suppose -m*f = -3*f + 39. What are the prime factors of -1 - (-2)/((-6)/f)?
2, 3
Let d(b) = 46*b + 15. What are the prime factors of d(5)?
5, 7
Suppose -4*g = 5*t - 22, 4*g - 6 - 4 = t. Let o = -1 - -1. Suppose -t*k = -2*z - 6, k + 4*k - 4*z - 17 = o. What are the prime factors of k?
5
Suppose 0 = -5*j - 4*z + 3, -3*j - 4*z - 3 = -0. Suppose -3*i = -4*i + j. List the prime factors of i.
3
Suppose 3*v + 1 - 22 = 0. Suppose 17 = 3*y - v. Suppose -35 = -3*t - 5*x, 4*t - 43 = 5*x - y. List the prime factors of t.
2, 5
Suppose -5*l + 4*l = 0. Suppose l*t - 3*t = -9. List the prime factors of t.
3
Suppose -4*w + 0 = -2*l - 6, 3*w + 4*l + 12 = 0. Suppose t = h + 2*t - 10, 4*h - 5*t - 22 = w. List the prime factors of h.
2
Let c be 8*(-2)/(-16)*18. List the prime factors of c/(-7)*98/(-21).
2, 3
Let n(m) = 5*m**3 - 2*m**2 - 2*m + 1. What are the prime factors of n(2)?
29
Let z be (-3 - -1) + (-26 - -2). Let d = 36 + z. Let k = d - 5. What are the prime factors of k?
5
Let v = -3 - -18. What are the prime factors of v?
3, 5
Let j = -27 - -50. Suppose -127 - j = -3*m. List the prime factors of m.
2, 5
Let j = 42 - 22. List the prime factors of j.
2, 5
Let k(o) = -9*o**3 - o**2 + o + 2. What are the prime factors of k(-1)?
3
Let x(t) = -14*t + 33. List the prime factors of x(-11).
11, 17
Let v = 1 + 1. Suppose r = v*r + 2. What are the prime factors of (1/(-2))/(r/36)?
3
Suppose 516 = 5*y + 4*p - 234, -3*y + 450 = 4*p. Suppose -3*r = -r - 5*t - 39, -5*t = 5*r - y. What are the prime factors of r?
3
Let j(z) = z**3 - 22*z**2 - 22*z. What are the prime factors of j(23)?
23
Let y = -4 + 12.